st the prime factors of 245/j*8/2.
7
Suppose 0 = -0*v - 2*v. Suppose v = -6*l + 251 + 175. Suppose 0 = -5*n - 0*b + 3*b + l, 0 = 5*b + 10. What are the prime factors of n?
13
Let l(a) = 4 + 3*a - a**3 - 2*a**2 + 9*a**2 + 1. Suppose -49*k - 20 = -314. List the prime factors of l(k).
59
Suppose 110*c - 179127 = 144933. What are the prime factors of c?
2, 3, 491
Let l(a) = -a**3 + 19*a**2 - 4*a - 39. List the prime factors of l(16).
5, 7, 19
Let a(d) = -d**3 - 8*d**2 + 28*d + 35. What are the prime factors of a(-14)?
3, 7, 13
Let j be (-24)/14*21/(-6). Suppose v - 60 = j*v. List the prime factors of (v/(-10))/((-9)/(-30)).
2
Let h be -8 + (43 + 0)*1. Let b(y) = y**2 + y + 5. Let t be b(-7). Let j = t - h. What are the prime factors of j?
2, 3
Let u = 36 - 58. Let n = 59 + u. What are the prime factors of n?
37
Suppose -2*m = 2*m - 108. Let o(v) = v**2 - 10*v - 11. Let k be o(11). Suppose d - 2 - m = k. What are the prime factors of d?
29
Let g(y) be the first derivative of 31*y**2/2 - 4*y - 5. Let f be g(-8). List the prime factors of ((-4)/14)/(18/f).
2
Let v(x) = 8*x**2 - x**3 - 7 + 2*x**3 - 2*x + 0*x**3 + 0*x. Let b be v(-8). What are the prime factors of (-3)/b - 237/(-9)?
2, 13
Let q = -6 + 61. Let t = q + -52. List the prime factors of t.
3
What are the prime factors of 0 - -172 - (-31 - -38)?
3, 5, 11
Suppose -6*l - 103 = -4189. List the prime factors of l.
3, 227
Let s = 50 + -26. Suppose -2*y + s + 46 = 0. Suppose 0*v - 2*v = 0, -d + 3*v + y = 0. List the prime factors of d.
5, 7
Let o(c) = -2*c**2 - 2*c**3 + 5*c**3 - 2*c**3. Let s be o(2). Suppose s*l - 34 = -l. List the prime factors of l.
2, 17
Let t be 3*(-16)/6 - 4/(-1). What are the prime factors of (3 + 30)*2 - t?
2, 5, 7
Suppose -5*w - 25 = -2*u - 3*u, -5*u - 4*w = 20. Suppose 5*i - i = u. Suppose i = l + 4*l - 10. List the prime factors of l.
2
Let d = 30 + -28. Suppose 0 = -4*t - 2*o + 8 + d, 4*t + o = 13. List the prime factors of t.
2
Let n(a) = a**2 - 4*a - 2. Let y be n(-4). Let r(s) = -2*s**2 - 14*s**3 - 4*s**3 + 4 - y*s**3 - 3. List the prime factors of r(-1).
47
Let b(o) = 14*o**2 - 6*o - 10. Let c(g) = -13*g**2 + 6*g + 9. Let s(l) = -6*b(l) - 7*c(l). List the prime factors of s(-4).
7, 19
Let w(u) = 29*u**2 - 329*u - 4. What are the prime factors of w(13)?
2, 5, 31
Let i(p) = -75*p + 82. What are the prime factors of i(-8)?
2, 11, 31
Suppose -4*t + 1 = -19. Suppose 0 = d - t*d + 288. What are the prime factors of d?
2, 3
Suppose a = -3*y - 2*a + 6222, -3*a = -4*y + 8303. What are the prime factors of y?
5, 83
Let f be 4366/16 - 8/64*-1. Suppose -2*z + f + 153 = 2*h, 4*z = -3*h + 851. What are the prime factors of z?
2, 53
Let n = -1607 + 4485. What are the prime factors of n?
2, 1439
Let t(o) be the third derivative of 0 - 1/120*o**6 + 0*o + 1/24*o**4 + 1/60*o**5 + 10/3*o**3 - 4*o**2. List the prime factors of t(0).
2, 5
Let r(d) = -d**3 - 10*d**2 - 2*d + 26. What are the prime factors of r(-13)?
13, 43
List the prime factors of 9/(-36) - (3 - (-253)/(-4)).
2, 3, 5
List the prime factors of (1410/3)/(13/((-39)/(-2))).
3, 5, 47
Let x(p) = p**2 + 4*p + 4. Let y be x(-3). Let z(v) = -v**3 - y - 4*v + 2 + 2*v**3 + 2. List the prime factors of z(2).
3
Let s(t) = 4*t. Let l be s(1). Suppose -5 = -4*k + 5*o + 13, 0 = -5*k - 5*o. Suppose -3*y = -k*y, -4*w + 52 = l*y. List the prime factors of w.
13
What are the prime factors of ((-17)/3)/(28/(-8484))?
17, 101
Let s = -28 - -37. Suppose s*g - 302 = 7*g. What are the prime factors of g?
151
Suppose -3*z - 2*z = -25. Suppose 0 = -z*x + 2*x. Suppose w - 5*g + x*g = -15, 2*g - 30 = -2*w. List the prime factors of w.
2, 5
Let n = -718 - -1334. What are the prime factors of n?
2, 7, 11
Let m be 51/136 - (-1466)/16. Suppose 8*t - 12*t + m = 0. What are the prime factors of t?
23
Let q = 10 - -6. Let r(y) = -y**3 + 17*y**2 - 12*y - 15. Let n be r(q). Let c = n - 26. List the prime factors of c.
23
Suppose 5*t - 10*t + 25 = 0. Suppose 27 = 2*o + 3*z - 100, -15 = -t*z. List the prime factors of o.
59
Suppose 111*x = 101*x + 39330. List the prime factors of x.
3, 19, 23
Let h be (34/(-8))/(7/(-420)). Suppose 2*f - 7*f + h = 0. List the prime factors of f.
3, 17
Suppose 42*y + 129 = 39*y. List the prime factors of (y/4)/((-6)/48).
2, 43
Suppose 0 = -3*d - 2*d + 25. Suppose -3*h - d*b + 0*b + 91 = 0, -2*h + 34 = -2*b. List the prime factors of h.
2, 11
Let j be -3*3/(-9)*-1. Let s be (j/(-5))/(3/15). What are the prime factors of (1/2)/(s/62)?
31
Let h(f) = -f**3 - 12*f**2 + 15*f - 5. Let s be h(-13). Let t = 105 + s. List the prime factors of t.
2, 37
Let t(v) = 3 - 6 - 24*v - 10 - 15*v. Let z be t(3). What are the prime factors of (9 + -11)*z/4?
5, 13
Let o(w) = w**3 + 6*w**2 + 4. Let d be o(-6). Suppose 11 - 3 = d*t. Suppose -p - 2 = 1, -2*i + 12 = t*p. What are the prime factors of i?
3
Let f be 3/(-15) - 3/(-15). Let c = 12 + -18. Let k = f - c. What are the prime factors of k?
2, 3
Let x(l) = 3*l + 34. Let q be x(-11). List the prime factors of (-4 + 4 - q)*2*-17.
2, 17
Let d(m) = 2*m**3 - 115*m**2 - 135*m - 27. What are the prime factors of d(59)?
3, 19, 43
Suppose 0 = 9*h + 458 - 2060. Suppose -3*l + h + 149 = 0. List the prime factors of l.
109
Let p(h) = 586*h**2 + 2*h - 2. List the prime factors of p(-1).
2, 3, 97
Suppose 4*d = -8 + 20. Suppose d*q - 590 = q. What are the prime factors of q?
5, 59
Let m(j) = -3*j - 2. Let f = 26 - 29. Let b be m(f). Let c(k) = -k**3 + 7*k**2 + 4*k + 10. What are the prime factors of c(b)?
2, 19
Suppose 212 = 3*r + 4*p, -7*p - 59 = -r - 6*p. Suppose -c = -y + 4*y - r, -2*y + 61 = -3*c. List the prime factors of y.
23
Suppose 2*o = 3*o. Suppose -10 = k + 5*a, 2*k - 3*a + 4 + 3 = o. Let h(i) = -i**2 - 7*i - 4. What are the prime factors of h(k)?
2, 3
Let y be (40/(-12))/(2/(-93)). Suppose -2*v + 0*v + 16 = -2*m, 0 = -m - 2. Suppose q = v*q - y. What are the prime factors of q?
31
Let o = 4521 - 1586. List the prime factors of o.
5, 587
Let k = 431 + 901. What are the prime factors of k?
2, 3, 37
Suppose 4*z = 3*z - 2*z. Suppose -3*f - 6 = z, 172 = -2*q + 3*q + 5*f. List the prime factors of q.
2, 7, 13
Suppose 3*j - 7*j = -5*f + 42, -5*f + 36 = -2*j. Let s = f - -27. List the prime factors of s.
3, 11
Let q = 0 - -1. Let d be -8 + 0 + (q - 3). Let s(j) = j**2 + 8*j - 4. List the prime factors of s(d).
2
Let h(q) = 11*q + 11. Let v be h(-1). What are the prime factors of 179 + v - (9/3 + -4)?
2, 3, 5
Suppose -273 - 487 = 5*j. Let h = -61 - j. What are the prime factors of h?
7, 13
Let s(c) = 31*c + 76. List the prime factors of s(14).
2, 3, 5, 17
Suppose 4*m - 512 = 704. List the prime factors of m.
2, 19
Suppose -33*z - 1980 = -37*z. What are the prime factors of (z/(-22))/((-3)/4)?
2, 3, 5
Let u(v) = -v - 12. Let z be u(-6). Let s = -6 - z. What are the prime factors of 8/(3 + 1) - s?
2
Let d(n) = -2*n - 28. Let q be d(-19). Suppose 21 = 3*j - 3*x, -4*j + 73 = -5*x + q*x. What are the prime factors of j?
2, 3
Let h = 695 - 163. List the prime factors of h.
2, 7, 19
Let v(s) = -s**3 - 10*s**2 - s - 8. Let i be v(-10). Suppose -5*y = -2*u - 305, 0 = 2*u + i*u. What are the prime factors of y?
61
Suppose -18*u = -6*u - 2700. Let j = u + -103. What are the prime factors of j?
2, 61
Let p(q) be the third derivative of 19*q**6/120 + q**4/4 - 3*q**3/2 - 31*q**2. List the prime factors of p(2).
5, 31
Let t(f) = 20*f. Let i be t(-1). Let s be (i/12)/(2/6). What are the prime factors of (4/(-12))/(s/165)?
11
Let s be (-3 - 28/(-8))*18. Let q(g) = -3*g - s*g**2 + g**3 - 7*g**2 + 21*g. What are the prime factors of q(15)?
3, 5
Let z be 18*(7/((-63)/(-6)))/1. Let m = z + 57. What are the prime factors of m?
3, 23
Let h(v) = v**3 - 29*v**2 + 9*v + 63. List the prime factors of h(29).
2, 3
Let s(k) = -4*k - 38. Let g(a) = 5*a - 4. Let l be g(-2). What are the prime factors of s(l)?
2, 3
Let m be 6/(-8)*-4 + 19. Suppose -3*r - m = 14. Let d(o) = o**3 + 11*o**2 - 14*o - 18. What are the prime factors of d(r)?
2, 3
What are the prime factors of (-2)/(-8) + 1953/28?
2, 5, 7
Let b(k) = k**2 - 3*k. Let t(c) = 2*c**2 - 4*c. Let h(n) = -4*b(n) + 3*t(n). Suppose -4*i = -3*z - 1, 2*z - 4*i + 3 = i. List the prime factors of h(z).
2
Let a be -2 - ((-9)/(-3) - 3). Let j(g) = -4*g - 3. Let m be j(a). Suppose -m*x - o = -8